{"id":151,"date":"2019-07-18T15:43:31","date_gmt":"2019-07-18T13:43:31","guid":{"rendered":"https:\/\/www.rinrinrecreacion.com.co\/web\/?page_id=151"},"modified":"2021-10-22T16:39:30","modified_gmt":"2021-10-22T21:39:30","slug":"inmunizacion-de-maderas","status":"publish","type":"page","link":"https:\/\/www.fuseincol.com\/rionegro\/inmunizacion-de-maderas\/","title":{"rendered":"Inmunizaci\u00f3n de Maderas"},"content":{"rendered":"<p>[vc_row content_placement=\u00bbmiddle\u00bb css=\u00bb.vc_custom_1563422309203{padding-top: 70px !important;padding-bottom: 70px !important;}\u00bb][vc_column width=\u00bb1\/2&#8243;][vc_column_text]<\/p>\n<p class=\"text-xlg text-bold text-title color-red\" style=\"margin-top: 0px;\">Modo de acci\u00f3n y residualidad:<\/p>\n<p>[\/vc_column_text][vc_column_text]<\/p>\n<p style=\"text-align: justify;\">Los insumos que utilizamos en este proceso, previenen y controlan el comej\u00e9n, la polilla y todos los gorgojos que atacan a la madera.<\/p>\n<p style=\"text-align: justify;\">Su ingrediente activo est\u00e1 reconocido ante las sociedades de la protecci\u00f3n de la madera, como excelente preservador.<\/p>\n<p style=\"text-align: justify;\">Los insumos penetran en la madera, formando una capa protectora que impide la entrada de insectos. El ingrediente activo de la formulaci\u00f3n, migra hacia las capas o c\u00e1maras internas de la madera. Debido a sus propiedades qu\u00edmicas, se adhiere fuertemente a la madera y de esta manera la protege contra el ataque de insectos.<\/p>\n<p>[\/vc_column_text][vc_column_text css=\u00bb.vc_custom_1589898875187{padding-top: 10px !important;}\u00bb]<a class=\"button bg-blue color-white\" href=\"https:\/\/api.whatsapp.com\/send?phone=+573174041143&amp;&amp;text=Hola,%20tengo%20una%20nueva%20solicitud%20de%20servicio\" target=\"_blank\" rel=\"noopener noreferrer\">Cont\u00e1ctenos<\/a>[\/vc_column_text][\/vc_column][vc_column width=\u00bb1\/2&#8243;][vc_column_text]<img loading=\"lazy\" class=\"\" style=\"max-width: 100%;\" src=\"https:\/\/www.fuseincol.com\/wp-content\/uploads\/2021\/01\/madera.jpg\" alt=\"\" width=\"100%\" height=\"NaN\" \/>[\/vc_column_text][\/vc_column][\/vc_row][vc_row css=\u00bb.vc_custom_1569011113130{padding-top: 50px !important;}\u00bb][vc_column width=\u00bb1\/4&#8243;][vc_column_text]<\/p>\n<h1 style=\"text-align: center;\"><span style=\"font-size: 11pt;\"> Inmunizaci\u00f3n de Maderas en Rionegro<\/span><\/h1>\n<p>[\/vc_column_text][\/vc_column][vc_column width=\u00bb1\/4&#8243;][vc_column_text]<\/p>\n<h1 style=\"text-align: center;\"><span style=\"font-size: 11pt;\"> Fumigacion de Maderas en Rionegro<\/span><\/h1>\n<p>[\/vc_column_text][\/vc_column][vc_column width=\u00bb1\/4&#8243;][vc_column_text]<\/p>\n<h1 style=\"text-align: center;\"><span style=\"font-size: 11pt;\"> Control de Plagas en Maderas en Rionegro<\/span><\/h1>\n<p>[\/vc_column_text][\/vc_column][vc_column width=\u00bb1\/4&#8243;][vc_column_text]<\/p>\n<h1 style=\"text-align: center;\"><span style=\"font-size: 11pt;\"> Inmunizaci\u00f3n de Madera Rionegro<\/span><\/h1>\n<p>[\/vc_column_text][\/vc_column][\/vc_row][vc_row css=\u00bb.vc_custom_1569011119719{padding-bottom: 50px !important;}\u00bb][vc_column width=\u00bb1\/4&#8243;][vc_column_text]<\/p>\n<h1 style=\"text-align: center;\"><span style=\"font-size: 11pt;\"> Fumigacion de Termitas en Madera en Rionegro<\/span><\/h1>\n<p>[\/vc_column_text][\/vc_column][vc_column width=\u00bb1\/4&#8243;][vc_column_text]<\/p>\n<h1 style=\"text-align: center;\"><span style=\"font-size: 11pt;\"> Fumigaci\u00f3n de comej\u00e9n en Madera en Rionegro<\/span><\/h1>\n<p>[\/vc_column_text][\/vc_column][vc_column width=\u00bb1\/4&#8243;][vc_column_text]<\/p>\n<h1 style=\"text-align: center;\"><span style=\"font-size: 11pt;\"> Control de Comej\u00e9n en Madera en Rionegro<\/span><\/h1>\n<p>[\/vc_column_text][\/vc_column][vc_column width=\u00bb1\/4&#8243;][vc_column_text]<\/p>\n<h1 style=\"text-align: center;\"><span style=\"font-size: 11pt;\"> Fumigaci\u00f3n de Polillas en Madera en Rionegro<\/span><\/h1>\n<p>[\/vc_column_text][\/vc_column][\/vc_row]<\/p>\n","protected":false},"excerpt":{"rendered":"<p>[vc_row content_placement=\u00bbmiddle\u00bb css=\u00bb.vc_custom_1563422309203{padding-top: 70px !important;padding-bottom: 70px !important;}\u00bb][vc_column width=\u00bb1\/2&#8243;][vc_column_text] Modo de acci\u00f3n y residualidad: [\/vc_column_text][vc_column_text] Los insumos que utilizamos en este&#8230;<\/p>\n","protected":false},"author":1,"featured_media":0,"parent":0,"menu_order":0,"comment_status":"closed","ping_status":"closed","template":"","meta":[],"_links":{"self":[{"href":"https:\/\/www.fuseincol.com\/rionegro\/wp-json\/wp\/v2\/pages\/151"}],"collection":[{"href":"https:\/\/www.fuseincol.com\/rionegro\/wp-json\/wp\/v2\/pages"}],"about":[{"href":"https:\/\/www.fuseincol.com\/rionegro\/wp-json\/wp\/v2\/types\/page"}],"author":[{"embeddable":true,"href":"https:\/\/www.fuseincol.com\/rionegro\/wp-json\/wp\/v2\/users\/1"}],"replies":[{"embeddable":true,"href":"https:\/\/www.fuseincol.com\/rionegro\/wp-json\/wp\/v2\/comments?post=151"}],"version-history":[{"count":19,"href":"https:\/\/www.fuseincol.com\/rionegro\/wp-json\/wp\/v2\/pages\/151\/revisions"}],"predecessor-version":[{"id":1071,"href":"https:\/\/www.fuseincol.com\/rionegro\/wp-json\/wp\/v2\/pages\/151\/revisions\/1071"}],"wp:attachment":[{"href":"https:\/\/www.fuseincol.com\/rionegro\/wp-json\/wp\/v2\/media?parent=151"}],"curies":[{"name":"wp","href":"https:\/\/api.w.org\/{rel}","templated":true}]}}