{"id":696,"date":"2019-08-17T18:04:53","date_gmt":"2019-08-17T16:04:53","guid":{"rendered":"http:\/\/estrategiascomercialesweb.com\/ip\/fuseincol\/?page_id=696"},"modified":"2020-05-19T10:54:26","modified_gmt":"2020-05-19T15:54:26","slug":"extintores-de-polvo-quimico-seco","status":"publish","type":"page","link":"https:\/\/www.fuseincol.com\/rionegro\/extintores-de-polvo-quimico-seco\/","title":{"rendered":"Extintores de polvo qu\u00edmico seco"},"content":{"rendered":"<p>[vc_row content_placement=\u00bbmiddle\u00bb css=\u00bb.vc_custom_1563422309203{padding-top: 70px !important;padding-bottom: 70px !important;}\u00bb][vc_column width=\u00bb2\/3&#8243;][vc_column_text]<\/p>\n<p class=\"text-xlg text-bold text-title color-red\" style=\"margin-top: 0px;\">Extintores de polvo qu\u00edmico seco ABC Multiprop\u00f3sito<\/p>\n<p>[\/vc_column_text][vc_column_text]<\/p>\n<p style=\"text-align: justify;\">Los extintores de polvo qu\u00edmico seco son en Colombia de color amarillo y vienen en presentaciones:<\/p>\n<p style=\"text-align: justify;\">De 5, 10, 20, 30 libras port\u00e1tiles y 150 libras de presentaci\u00f3n rodante o satelital . Sirven para cualquier tipo de fuego:<\/p>\n<p style=\"text-align: justify;\">\u2022 Fuegos s\u00f3lidos (maderas, pl\u00e1sticos, disolventes, etc),<br \/>\n\u2022 Fuegos l\u00edquidos (Gasolina, disolventes, pinturas, etc)<br \/>\n\u2022 Fuegos de gases y el\u00e9ctricos (Butano, propano, gas natural).<\/p>\n<p style=\"text-align: justify;\">Estos extintores de polvo qu\u00edmico seco son recomendables para cumplir con la normatividad colombiana en el caso de los establecimientos comerciales, unidades residenciales, conjuntos residenciales, malles comerciales, centros comerciales, autom\u00f3viles, buses, camiones, volquetas, y dem\u00e1s l\u00edneas de transporte de carga y de pasajeros.<br \/>\nAdecuado para: oficinas, viviendas, aulas de ense\u00f1anza, talleres, etc.<\/p>\n<p>[\/vc_column_text][vc_column_text css=\u00bb.vc_custom_1589903664917{padding-top: 10px !important;}\u00bb]<a class=\"button bg-blue color-white\" href=\"https:\/\/api.whatsapp.com\/send?phone=+573174041143&amp;&amp;text=Hola,%20tengo%20una%20nueva%20solicitud%20de%20servicio\" target=\"_blank\" rel=\"noopener noreferrer\">Cont\u00e1ctenos<\/a>[\/vc_column_text][\/vc_column][vc_column width=\u00bb1\/3&#8243;][vc_column_text]<\/p>\n<p style=\"text-align: center;\"><img loading=\"lazy\" class=\"alignnone wp-image-697\" src=\"\/wp-content\/uploads\/2019\/08\/extintorabc-159x300.jpg\" sizes=\"(max-width: 159px) 100vw, 159px\" srcset=\"\/wp-content\/uploads\/2019\/08\/extintorabc-159x300.jpg 159w, \/wp-content\/uploads\/2019\/08\/extintorabc.jpg 412w\" alt=\"\" width=\"270\" height=\"510\" \/><\/p>\n<p>[\/vc_column_text][\/vc_column][\/vc_row]<\/p>\n","protected":false},"excerpt":{"rendered":"<p>[vc_row content_placement=\u00bbmiddle\u00bb css=\u00bb.vc_custom_1563422309203{padding-top: 70px !important;padding-bottom: 70px !important;}\u00bb][vc_column width=\u00bb2\/3&#8243;][vc_column_text] Extintores de polvo qu\u00edmico seco ABC Multiprop\u00f3sito [\/vc_column_text][vc_column_text] Los extintores de polvo&#8230;<\/p>\n","protected":false},"author":1,"featured_media":0,"parent":0,"menu_order":0,"comment_status":"closed","ping_status":"closed","template":"","meta":[],"_links":{"self":[{"href":"https:\/\/www.fuseincol.com\/rionegro\/wp-json\/wp\/v2\/pages\/696"}],"collection":[{"href":"https:\/\/www.fuseincol.com\/rionegro\/wp-json\/wp\/v2\/pages"}],"about":[{"href":"https:\/\/www.fuseincol.com\/rionegro\/wp-json\/wp\/v2\/types\/page"}],"author":[{"embeddable":true,"href":"https:\/\/www.fuseincol.com\/rionegro\/wp-json\/wp\/v2\/users\/1"}],"replies":[{"embeddable":true,"href":"https:\/\/www.fuseincol.com\/rionegro\/wp-json\/wp\/v2\/comments?post=696"}],"version-history":[{"count":11,"href":"https:\/\/www.fuseincol.com\/rionegro\/wp-json\/wp\/v2\/pages\/696\/revisions"}],"predecessor-version":[{"id":1035,"href":"https:\/\/www.fuseincol.com\/rionegro\/wp-json\/wp\/v2\/pages\/696\/revisions\/1035"}],"wp:attachment":[{"href":"https:\/\/www.fuseincol.com\/rionegro\/wp-json\/wp\/v2\/media?parent=696"}],"curies":[{"name":"wp","href":"https:\/\/api.w.org\/{rel}","templated":true}]}}