{"id":646,"date":"2019-08-17T17:23:49","date_gmt":"2019-08-17T15:23:49","guid":{"rendered":"http:\/\/estrategiascomercialesweb.com\/ip\/fuseincol\/?page_id=646"},"modified":"2020-05-19T09:56:42","modified_gmt":"2020-05-19T14:56:42","slug":"camillas-de-emergencia","status":"publish","type":"page","link":"https:\/\/www.fuseincol.com\/yumbo\/camillas-de-emergencia\/","title":{"rendered":"Camillas de Emergencia"},"content":{"rendered":"<p>[vc_row content_placement=\u00bbmiddle\u00bb css=\u00bb.vc_custom_1566055390636{padding-top: 70px !important;}\u00bb][vc_column][vc_column_text css=\u00bb.vc_custom_1566055429528{padding-bottom: 25px !important;}\u00bb]<\/p>\n<p class=\"text-xlg text-bold text-title color-red\" style=\"margin-top: 0px; text-align: center;\">\u00bfD\u00f3nde es obligatorio el uso de Camillas de Emergencia?<\/p>\n<p>[\/vc_column_text][vc_column_text]<\/p>\n<p style=\"text-align: center;\">Estas camillas son de uso obligatorio en obras civiles y constructoras, colegios, jardines infantiles, piscinas, conjuntos residenciales y edificios, centros comerciales, establecimientos de comercio, empresas, hoteles, entre otros.<\/p>\n<p>[\/vc_column_text][\/vc_column][\/vc_row][vc_row content_placement=\u00bbmiddle\u00bb css=\u00bb.vc_custom_1566055633334{padding-top: 30px !important;}\u00bb][vc_column width=\u00bb2\/3&#8243;][vc_column_text css=\u00bb.vc_custom_1566055492872{padding-bottom: 25px !important;}\u00bb]<\/p>\n<p class=\"text-xlg text-bold text-title color-red\" style=\"margin-top: 0px;\">Camilla de Emergencia Pl\u00e1stica:<\/p>\n<p>[\/vc_column_text][vc_column_text]<\/p>\n<p style=\"text-align: justify;\">Son r\u00edgidas, higi\u00e9nicas, vers\u00e1tiles y duraderas.<\/p>\n<p style=\"text-align: justify;\">Incluye se\u00f1alizaci\u00f3n, arn\u00e9s tipo ara\u00f1a con correas ajustables, velcro y material reflectivo. Color naranja.<\/p>\n<p style=\"text-align: justify;\"><strong>Peso:<\/strong> 6 Kg<\/p>\n<p style=\"text-align: justify;\"><strong>Dimensiones:<\/strong> 180*45*5 cms<\/p>\n<p style=\"text-align: justify;\"><strong>Resistencia:<\/strong> 180 Kg<\/p>\n<p>[\/vc_column_text][vc_column_text css=\u00bb.vc_custom_1589900198096{padding-top: 10px !important;}\u00bb]<a class=\"button bg-blue color-white\" href=\"https:\/\/api.whatsapp.com\/send?phone=+573174041143&amp;&amp;text=Hola,%20tengo%20una%20nueva%20solicitud%20de%20servicio\" target=\"_blank\" rel=\"noopener noreferrer\">Cont\u00e1ctenos<\/a>[\/vc_column_text][\/vc_column][vc_column width=\u00bb1\/3&#8243;][vc_column_text]<img style=\"max-width: 100%;\" src=\"\/wp-content\/uploads\/2019\/08\/Camilla-de-Emergencia-Pl\u00e1stica.jpg\" alt=\"\" \/>[\/vc_column_text][\/vc_column][\/vc_row][vc_row css=\u00bb.vc_custom_1566055716337{padding-top: 25px !important;padding-bottom: 25px !important;}\u00bb][vc_column][vc_separator css=\u00bb.vc_custom_1566055648969{padding-top: 20px !important;padding-bottom: 20px !important;}\u00bb][\/vc_column][\/vc_row][vc_row content_placement=\u00bbmiddle\u00bb][vc_column width=\u00bb2\/3&#8243;][vc_column_text]<\/p>\n<p><img style=\"max-width: 100%;\" src=\"\/wp-content\/uploads\/2019\/08\/Camilla-de-Emergencia-en-Madera.jpg\" alt=\"\" \/><\/p>\n<p>[\/vc_column_text][\/vc_column][vc_column width=\u00bb1\/3&#8243;][vc_column_text css=\u00bb.vc_custom_1566055774999{padding-bottom: 25px !important;}\u00bb]<\/p>\n<p class=\"text-xlg text-bold text-title color-red\" style=\"margin-top: 0px;\">Camilla de Emergencia en Madera:<\/p>\n<p>[\/vc_column_text][vc_column_text]<\/p>\n<p style=\"text-align: justify;\">Se caracterizan por ser r\u00edgidas, higi\u00e9nicas, vers\u00e1tiles, duraderas, de color natural.<\/p>\n<p style=\"text-align: justify;\">Incluyen se\u00f1ales y arn\u00e9s tipo ara\u00f1a con correas ajustables, velcro y reflectivo.<\/p>\n<p style=\"text-align: justify;\"><strong>Peso:<\/strong> 7 Kg<\/p>\n<p style=\"text-align: justify;\"><strong>Dimensiones:<\/strong> 190*40*6 cms<\/p>\n<p style=\"text-align: justify;\"><strong>Resistencia:<\/strong> 180 Kg<\/p>\n<p>[\/vc_column_text][vc_column_text css=\u00bb.vc_custom_1589898433720{padding-top: 10px !important;}\u00bb]<a class=\"button bg-blue color-white\" href=\"https:\/\/api.whatsapp.com\/send?phone=+573174041143&amp;&amp;text=Hola,%20tengo%20una%20nueva%20solicitud%20de%20servicio\" target=\"_blank\" rel=\"noopener noreferrer\">Cont\u00e1ctenos<\/a>[\/vc_column_text][\/vc_column][\/vc_row][vc_row css=\u00bb.vc_custom_1566055716337{padding-top: 25px !important;padding-bottom: 25px !important;}\u00bb][vc_column][vc_separator css=\u00bb.vc_custom_1566055648969{padding-top: 20px !important;padding-bottom: 20px !important;}\u00bb][\/vc_column][\/vc_row][vc_row content_placement=\u00bbmiddle\u00bb css=\u00bb.vc_custom_1566055943938{padding-bottom: 70px !important;}\u00bb][vc_column width=\u00bb2\/3&#8243;][vc_column_text css=\u00bb.vc_custom_1566055984058{padding-bottom: 25px !important;}\u00bb]<\/p>\n<p class=\"text-xlg text-bold text-title color-red\" style=\"margin-top: 0px;\">Camilla de Emergencia Plegable:<\/p>\n<p>[\/vc_column_text][vc_column_text]<\/p>\n<p style=\"text-align: justify;\">Incluyen soportes en aluminio y lona para la superficie, lo cual la hace una camilla liviana pero a la vez s\u00f3lida, es impermeable, de f\u00e1cil almacenaje y transporte, pues es suministrada con dos correas en reata de 2\u2033 y chapa pl\u00e1stica. Incluye malet\u00edn<\/p>\n<p>[\/vc_column_text][vc_column_text css=\u00bb.vc_custom_1589898440222{padding-top: 10px !important;}\u00bb]<a class=\"button bg-blue color-white\" href=\"https:\/\/api.whatsapp.com\/send?phone=+573174041143&amp;&amp;text=Hola,%20tengo%20una%20nueva%20solicitud%20de%20servicio\" target=\"_blank\" rel=\"noopener noreferrer\">Cont\u00e1ctenos<\/a>[\/vc_column_text][\/vc_column][vc_column width=\u00bb1\/3&#8243;][vc_column_text]<img style=\"max-width: 100%;\" src=\"\/wp-content\/uploads\/2019\/08\/Camilla-de-Emergencia-Plegable.jpg\" alt=\"\" \/>[\/vc_column_text][\/vc_column][\/vc_row]<\/p>\n","protected":false},"excerpt":{"rendered":"<p>[vc_row content_placement=\u00bbmiddle\u00bb css=\u00bb.vc_custom_1566055390636{padding-top: 70px !important;}\u00bb][vc_column][vc_column_text css=\u00bb.vc_custom_1566055429528{padding-bottom: 25px !important;}\u00bb] \u00bfD\u00f3nde es obligatorio el uso de Camillas de Emergencia? [\/vc_column_text][vc_column_text] Estas camillas&#8230;<\/p>\n","protected":false},"author":1,"featured_media":0,"parent":0,"menu_order":0,"comment_status":"closed","ping_status":"closed","template":"","meta":[],"_links":{"self":[{"href":"https:\/\/www.fuseincol.com\/yumbo\/wp-json\/wp\/v2\/pages\/646"}],"collection":[{"href":"https:\/\/www.fuseincol.com\/yumbo\/wp-json\/wp\/v2\/pages"}],"about":[{"href":"https:\/\/www.fuseincol.com\/yumbo\/wp-json\/wp\/v2\/types\/page"}],"author":[{"embeddable":true,"href":"https:\/\/www.fuseincol.com\/yumbo\/wp-json\/wp\/v2\/users\/1"}],"replies":[{"embeddable":true,"href":"https:\/\/www.fuseincol.com\/yumbo\/wp-json\/wp\/v2\/comments?post=646"}],"version-history":[{"count":16,"href":"https:\/\/www.fuseincol.com\/yumbo\/wp-json\/wp\/v2\/pages\/646\/revisions"}],"predecessor-version":[{"id":1013,"href":"https:\/\/www.fuseincol.com\/yumbo\/wp-json\/wp\/v2\/pages\/646\/revisions\/1013"}],"wp:attachment":[{"href":"https:\/\/www.fuseincol.com\/yumbo\/wp-json\/wp\/v2\/media?parent=646"}],"curies":[{"name":"wp","href":"https:\/\/api.w.org\/{rel}","templated":true}]}}

<p>[vc_row content_placement=»middle» css=».vc_custom_1566055390636{padding-top: 70px !important;}»][vc_column][vc_column_text css=».vc_custom_1566055429528{padding-bottom: 25px !important;}»]</p>
<p class="text-xlg text-bold text-title color-red" style="margin-top: 0px; text-align: center;">¿Dónde es obligatorio el uso de Camillas de Emergencia?</p>
<p>[/vc_column_text][vc_column_text]</p>
<p style="text-align: center;">Estas camillas son de uso obligatorio en obras civiles y constructoras, colegios, jardines infantiles, piscinas, conjuntos residenciales y edificios, centros comerciales, establecimientos de comercio, empresas, hoteles, entre otros.</p>
<p>[/vc_column_text][/vc_column][/vc_row][vc_row content_placement=»middle» css=».vc_custom_1566055633334{padding-top: 30px !important;}»][vc_column width=»2/3&#8243;][vc_column_text css=».vc_custom_1566055492872{padding-bottom: 25px !important;}»]</p>
<p class="text-xlg text-bold text-title color-red" style="margin-top: 0px;">Camilla de Emergencia Plástica:</p>
<p>[/vc_column_text][vc_column_text]</p>
<p style="text-align: justify;">Son rígidas, higiénicas, versátiles y duraderas.</p>
<p style="text-align: justify;">Incluye señalización, arnés tipo araña con correas ajustables, velcro y material reflectivo. Color naranja.</p>
<p style="text-align: justify;"><strong>Peso:</strong> 6 Kg</p>
<p style="text-align: justify;"><strong>Dimensiones:</strong> 180*45*5 cms</p>
<p style="text-align: justify;"><strong>Resistencia:</strong> 180 Kg</p>
<p>[/vc_column_text][vc_column_text css=».vc_custom_1589900198096{padding-top: 10px !important;}»]<a class="button bg-blue color-white" href="https://api.whatsapp.com/send?phone=+573174041143&amp;&amp;text=Hola,%20tengo%20una%20nueva%20solicitud%20de%20servicio" target="_blank" rel="noopener noreferrer">Contáctenos</a>[/vc_column_text][/vc_column][vc_column width=»1/3&#8243;][vc_column_text]<img style="max-width: 100%;" src="/wp-content/uploads/2019/08/Camilla-de-Emergencia-Plástica.jpg" alt="" />[/vc_column_text][/vc_column][/vc_row][vc_row css=».vc_custom_1566055716337{padding-top: 25px !important;padding-bottom: 25px !important;}»][vc_column][vc_separator css=».vc_custom_1566055648969{padding-top: 20px !important;padding-bottom: 20px !important;}»][/vc_column][/vc_row][vc_row content_placement=»middle»][vc_column width=»2/3&#8243;][vc_column_text]</p>
<p><img style="max-width: 100%;" src="/wp-content/uploads/2019/08/Camilla-de-Emergencia-en-Madera.jpg" alt="" /></p>
<p>[/vc_column_text][/vc_column][vc_column width=»1/3&#8243;][vc_column_text css=».vc_custom_1566055774999{padding-bottom: 25px !important;}»]</p>
<p class="text-xlg text-bold text-title color-red" style="margin-top: 0px;">Camilla de Emergencia en Madera:</p>
<p>[/vc_column_text][vc_column_text]</p>
<p style="text-align: justify;">Se caracterizan por ser rígidas, higiénicas, versátiles, duraderas, de color natural.</p>
<p style="text-align: justify;">Incluyen señales y arnés tipo araña con correas ajustables, velcro y reflectivo.</p>
<p style="text-align: justify;"><strong>Peso:</strong> 7 Kg</p>
<p style="text-align: justify;"><strong>Dimensiones:</strong> 190*40*6 cms</p>
<p style="text-align: justify;"><strong>Resistencia:</strong> 180 Kg</p>
<p>[/vc_column_text][vc_column_text css=».vc_custom_1589898433720{padding-top: 10px !important;}»]<a class="button bg-blue color-white" href="https://api.whatsapp.com/send?phone=+573174041143&amp;&amp;text=Hola,%20tengo%20una%20nueva%20solicitud%20de%20servicio" target="_blank" rel="noopener noreferrer">Contáctenos</a>[/vc_column_text][/vc_column][/vc_row][vc_row css=».vc_custom_1566055716337{padding-top: 25px !important;padding-bottom: 25px !important;}»][vc_column][vc_separator css=».vc_custom_1566055648969{padding-top: 20px !important;padding-bottom: 20px !important;}»][/vc_column][/vc_row][vc_row content_placement=»middle» css=».vc_custom_1566055943938{padding-bottom: 70px !important;}»][vc_column width=»2/3&#8243;][vc_column_text css=».vc_custom_1566055984058{padding-bottom: 25px !important;}»]</p>
<p class="text-xlg text-bold text-title color-red" style="margin-top: 0px;">Camilla de Emergencia Plegable:</p>
<p>[/vc_column_text][vc_column_text]</p>
<p style="text-align: justify;">Incluyen soportes en aluminio y lona para la superficie, lo cual la hace una camilla liviana pero a la vez sólida, es impermeable, de fácil almacenaje y transporte, pues es suministrada con dos correas en reata de 2″ y chapa plástica. Incluye maletín</p>
<p>[/vc_column_text][vc_column_text css=».vc_custom_1589898440222{padding-top: 10px !important;}»]<a class="button bg-blue color-white" href="https://api.whatsapp.com/send?phone=+573174041143&amp;&amp;text=Hola,%20tengo%20una%20nueva%20solicitud%20de%20servicio" target="_blank" rel="noopener noreferrer">Contáctenos</a>[/vc_column_text][/vc_column][vc_column width=»1/3&#8243;][vc_column_text]<img style="max-width: 100%;" src="/wp-content/uploads/2019/08/Camilla-de-Emergencia-Plegable.jpg" alt="" />[/vc_column_text][/vc_column][/vc_row]</p>

<p>[vc_row content_placement=»middle» css=».vc_custom_1566055390636{padding-top: 70px !important;}»][vc_column][vc_column_text css=».vc_custom_1566055429528{padding-bottom: 25px !important;}»] ¿Dónde es obligatorio el uso de Camillas de Emergencia? [/vc_column_text][vc_column_text] Estas camillas&#8230;</p>
